3821
List the prime factors of 11648858.
2, 13, 37, 12109
What are the prime factors of 15144998?
2, 11, 47, 97, 151
List the prime factors of 232659.
3, 7, 1231
List the prime factors of 167272.
2, 7, 29, 103
List the prime factors of 1228640.
2, 5, 7, 1097
List the prime factors of 10809624.
2, 3, 7, 37, 47
What are the prime factors of 1020324?
2, 3, 85027
List the prime factors of 4998439.
4998439
List the prime factors of 2082186.
2, 3, 12853
List the prime factors of 7224372.
2, 3, 73, 2749
What are the prime factors of 194250?
2, 3, 5, 7, 37
List the prime factors of 12228493.
12228493
What are the prime factors of 629308?
2, 157327
What are the prime factors of 221214?
2, 3, 7, 23, 229
List the prime factors of 1903084.
2, 71, 6701
List the prime factors of 2115835.
5, 263, 1609
What are the prime factors of 3352500?
2, 3, 5, 149
List the prime factors of 32202136.
2, 37, 108791
List the prime factors of 2808251.
2808251
List the prime factors of 1884258.
2, 3, 104681
List the prime factors of 2485324.
2, 367, 1693
What are the prime factors of 443398?
2, 47, 53, 89
List the prime factors of 12317996.
2, 17, 79, 2293
What are the prime factors of 18830574?
2, 3, 7, 199, 751
What are the prime factors of 8440275?
3, 5, 19, 5923
What are the prime factors of 2482454?
2, 13, 95479
What are the prime factors of 2531016?
2, 3, 35153
What are the prime factors of 7440313?
59, 126107
List the prime factors of 212796.
2, 3, 23, 257
List the prime factors of 498922.
2, 313, 797
List the prime factors of 496883.
131, 3793
What are the prime factors of 47729?
11, 4339
List the prime factors of 839377.
7, 11, 991
List the prime factors of 471396.
2, 3, 163, 241
List the prime factors of 7511500.
2, 5, 83, 181
List the prime factors of 6397917.
3, 2132639
List the prime factors of 586002.
2, 3, 101, 967
List the prime factors of 20476807.
13, 1575139
What are the prime factors of 182308?
2, 7, 17, 383
What are the prime factors of 948363?
3, 13, 24317
List the prime factors of 15539619.
3, 773, 6701
What are the prime factors of 151201?
151201
List the prime factors of 6711149.
6711149
List the prime factors of 707927.
11, 139, 463
What are the prime factors of 18739560?
2, 3, 5, 7, 3187
List the prime factors of 67559.
67559
List the prime factors of 5234668.
2, 149, 8783
List the prime factors of 355815.
3, 5, 7907
List the prime factors of 1833764.
2, 113, 4057
List the prime factors of 23570.
2, 5, 2357
List the prime factors of 642360.
2, 3, 5, 53, 101
List the prime factors of 2073284.
2, 587, 883
List the prime factors of 28230253.
29, 709, 1373
List the prime factors of 853397.
281, 3037
What are the prime factors of 3730590?
2, 3, 5, 41, 337
What are the prime factors of 500411?
23, 21757
List the prime factors of 1193472.
2, 3, 7, 37
What are the prime factors of 947990?
2, 5, 47, 2017
What are the prime factors of 57539?
163, 353
List the prime factors of 4824726.
2, 3, 37, 103, 211
What are the prime factors of 81445?
5, 7, 13, 179
List the prime factors of 746657.
17, 167, 263
What are the prime factors of 6641133?
3, 2213711
What are the prime factors of 1120079?
17, 41, 1607
List the prime factors of 273225.
3, 5, 3643
What are the prime factors of 2336342?
2, 97, 12043
What are the prime factors of 591604?
2, 13, 31, 367
What are the prime factors of 36247465?
5, 7249493
List the prime factors of 803041.
803041
What are the prime factors of 2437780?
2, 5, 121889
What are the prime factors of 8017748?
2, 229, 8753
List the prime factors of 1167920.
2, 5, 13, 1123
What are the prime factors of 283009?
283009
What are the prime factors of 496881?
3, 7, 11, 239
List the prime factors of 491570.
2, 5, 49157
What are the prime factors of 1598916?
2, 3, 11, 12113
What are the prime factors of 872016?
2, 3, 37, 491
What are the prime factors of 194966?
2, 71, 1373
List the prime factors of 1394486.
2, 19, 36697
List the prime factors of 4533639.
3, 11, 137383
List the prime factors of 319946.
2, 11, 14543
List the prime factors of 5567546.
2, 2783773
What are the prime factors of 143949?
3, 13, 3691
List the prime factors of 3355629.
3, 149, 7507
What are the prime factors of 139932?
2, 3, 13, 23
List the prime factors of 116639.
116639
List the prime factors of 2932735.
5, 13, 45119
What are the prime factors of 511879?
19, 29, 929
What are the prime factors of 8620856?
2, 1077607
What are the prime factors of 4048772?
2, 7, 13, 227
List the prime factors of 3970874.
2, 727, 2731
List the prime factors of 15131605.
5, 3026321
List the prime factors of 91639.
91639
List the prime factors of 243915.
3, 5, 7, 23, 101
What are the prime factors of 1701911?
1701911
List the prime factors of 523371.
3, 174457
List the prime factors of 2031474.
2, 3, 338579
What are the prime factors of 706561?
706561
List the prime factors of 1059180.
2, 3, 5, 127, 139
What are the prime factors of 2669514?
2, 3, 59, 7541
List the prime factors of 22413365.
5, 13, 344821
What are the prime factors of 126830?
2, 5, 11, 1153
What are the prime factors of 13771?
47, 293
List the prime factors of 1487282.
2, 19, 39139
What are the prime factors of 1486742?
2, 41, 18131
What are the prime factors of 2468338?
2, 839, 1471
List the prime factors of 89509.
7, 19, 673
What are the prime factors of 2255181?
3, 751727
List the prime factors of 19404926.
2, 2087, 4649
List the prime factors of 67880.
2, 5, 1697
List the prime factors of 22327468.
2, 839, 6653
List the prime factors of 459441.
3, 71, 719
List the prime factors of 897330.
2, 3, 5, 7, 4273
What are the prime factors of 270374?
2, 13, 10399
What are the prime factors of 812002?
2, 37, 10973
What are the prime factors of 643504?
2, 37, 1087
What are the prime factors of 36955?
5, 19, 389
List the prime factors of 2567752.
2, 11, 29179
What are the prime factors of 538537?
331, 1627
List the prime factors of 1930394.
2, 965197
What are the prime factors of 23762?
2, 109
List the prime factors of 1777836.
2, 3, 148153
List the prime factors of 354922.
2, 43, 4127
What are the prime factors of 63515?
5, 12703
List the prime factors of 217032.
2, 3, 9043
List the prime factors of 226831.
11, 17, 1213
List the prime factors of 15178211.
2621, 5791
What are the prime factors of 203607?
3, 7541
List the prime factors of 475105.
5, 95021
What are the prime factors of 1422371?
83, 17137
What are the prime factors of 2725854?
2, 3, 19, 23911
List the prime factors of 23077.
47, 491
List the prime factors of 1895765.
5, 67, 5659
What are the prime factors of 1200628?
2, 11, 13, 2099
What are the prime factors of 235247?
367, 641
List the prime factors of 3354581.
3354581
List the prime factors of 318474.
2, 3, 13, 1361
List the prime factors of 6382981.
11, 37, 15683
What are the prime factors of 3418436?
2, 7, 107, 163
List the prime factors of 860553.
3, 95617
What are the prime factors of 302765?
5, 19, 3187
What are the prime factors of 48327?
3, 89, 181
List the prime factors of 94208.
2, 23
What are the prime factors of 16291649?
11, 29, 51071
List the prime factors of 215862.
2, 3, 35977
What are the prime factors of 4393717?
4393717
List the prime factors of 2265435.
3, 5, 97, 173
What are the prime factors of 414352?
2, 19, 29, 47
List the prime factors of 465974.
2, 232987
What are the prime factors of 11093729?
139, 79811
List the prime factors of 273115.
5, 54623
List the prime factors of 97526.
2, 11, 13, 31
List the prime factors of 4331212.
2, 379, 2857
What are the prime factors of 4367167?
7, 623881
What are the prime factors of 1124816?
2, 7, 11, 83
What are the prime factors of 1684783?
43, 39181
List the prime factors of 574194.
2, 3, 83, 1153
What are the prime factors of 156148?
2, 103, 379
What are the prime factors of 7382487?
3, 7, 50221
List the prime factors of 861503.
29, 61, 487
What are the prime factors of 7054547?
101, 69847
What are the prime factors of 17513884?
2, 31, 141241
What are the prime factors of 282524?
2, 11, 6421
List the prime factors of 1423653.
3, 7, 11, 6163
List the prime factors of 943760.
2, 5, 47, 251
What are the prime factors of 689931?
3, 11, 23, 101
List the prime factors of 3793606.
2, 29, 65407
List the prime factors of 179615.
5, 35923
List the prime factors